{"id":24,"date":"2024-04-23T17:26:38","date_gmt":"2024-04-23T15:26:38","guid":{"rendered":"https:\/\/www.diocesimessina.it\/pattoeducativo\/?page_id=24"},"modified":"2025-12-10T12:35:09","modified_gmt":"2025-12-10T11:35:09","slug":"i-sette-impegni-del-patto","status":"publish","type":"page","link":"https:\/\/www.diocesimessina.it\/pattoeducativo\/i-sette-impegni-del-patto\/","title":{"rendered":"Gli impegni del Patto"},"content":{"rendered":"<p>Papa Francesco nel videomessaggio del 15 ottobre 2020 auspica una nuova stagione di impegno educativo che coinvolga tutte le componenti della societ\u00e0. Per questo invita le famiglie, le comunit\u00e0, le scuole, le universit\u00e0, le istituzioni, le religioni, i governanti, gli uomini e le donne della cultura, della scienza, dello sport, gli artisti, gli operatori dei media, l\u2019umanit\u00e0 intera a sottoscrivere un Patto Educativo impegnandosi personalmente a intraprendere questi sette percorsi:<\/p>\n<h3>1. Mettere al centro la persona<\/h3>\n<p>Mettere al centro di ogni processo educativo la persona, per far emergere la sua specificit\u00e0 e la sua capacit\u00e0 di essere in relazione con gli altri, contro la cultura dello scarto.<\/p>\n<h3>2. Ascoltare le giovani generazioni<\/h3>\n<p>Ascoltare la voce dei bambini, ragazzi e giovani per costruire insieme un futuro di giustizia e di pace, una vita degna di ogni persona.<\/p>\n<h3>3. Promuovere la donna<\/h3>\n<p>Favorire la piena partecipazione delle bambine e delle ragazze all\u2019istruzione.<\/p>\n<h3>4. Responsabilizzare la famiglia<\/h3>\n<p>Vedere nella famiglia il primo e indispensabile soggetto educatore.<\/p>\n<h3>5. Aprire all\u2019accoglienza<\/h3>\n<p>Educare e educarci all\u2019accoglienza, aprendoci ai pi\u00f9 vulnerabili ed emarginati.<\/p>\n<h3>6. Rinnovare l\u2019economia e la politica<\/h3>\n<p>Studiare nuovi modi di intendere l\u2019economia, la politica, la crescita e il progresso, al servizio dell\u2019uomo e dell\u2019intera famiglia umana nella prospettiva di un\u2019ecologia integrale.<\/p>\n<h3>7. Custodire la casa comune<\/h3>\n<p>Custodire e coltivare la nostra casa comune, proteggendo le sue risorse, adottando stili di vita pi\u00f9 sobri e puntando alle energie rinnovabili e rispettose dell\u2019ambiente.<\/p>\n<h3><strong>IL TESTO DEL PATTO EDUCATIVO DI MESSINA\u00a0<\/strong><\/h3>\n<p><a href=\"https:\/\/www.diocesimessina.it\/pattoeducativo\/wp-content\/uploads\/sites\/16\/2025\/12\/Protocollo-Patto-5_12_2025.pdf\" target=\"_blank\" rel=\"noopener\">Protocollo Patto 5_12_2025<\/a><\/p>\n<hr class=\"wpba_attachment_hr\"><div id='wpba_attachment_list' class='wpba wpba-wrap'>\n<ul class='wpba-attachment-list unstyled'><li id='wpba_attachment_list_471' class='wpba-list-item pull-left'><img src='https:\/\/www.diocesimessina.it\/pattoeducativo\/wp-content\/themes\/wp-starter-so\/icons\/document.png' width='16' height='20' class='wpba-icon pull-left'><a href='https:\/\/www.diocesimessina.it\/pattoeducativo\/wp-content\/uploads\/sites\/16\/2025\/12\/Protocollo-Patto-5_12_2025.pdf' title='Protocollo Patto 5_12_2025' class='wpba-link pull-left' target=\"_blank\">Protocollo Patto 5_12_2025<\/a><\/li>\n<li id='wpba_attachment_list_60' class='wpba-list-item pull-left'><img src='https:\/\/www.diocesimessina.it\/pattoeducativo\/wp-content\/themes\/wp-starter-so\/icons\/document.png' width='16' height='20' class='wpba-icon pull-left'><a href='https:\/\/www.diocesimessina.it\/pattoeducativo\/wp-content\/uploads\/sites\/16\/2024\/04\/I-sette-impegni-del-Patto-Educativo.pdf' title='I sette impegni del Patto Educativo' class='wpba-link pull-left' target=\"_blank\">I sette impegni del Patto Educativo<\/a><\/li>\n<\/ul><\/div>\n","protected":false},"excerpt":{"rendered":"<p>Papa Francesco nel videomessaggio del 15 ottobre 2020 auspica una nuova stagione di impegno educativo che coinvolga tutte le componenti della societ\u00e0. Per questo invita le famiglie, le comunit\u00e0, le scuole, le universit\u00e0, le istituzioni, le religioni, i governanti, gli uomini e le donne della cultura, della scienza, dello sport, gli artisti, gli operatori dei media, l\u2019umanit\u00e0 intera a sottoscrivere un Patto Educativo impegnandosi personalmente &hellip; <a href=\"https:\/\/www.diocesimessina.it\/pattoeducativo\/i-sette-impegni-del-patto\/\" class=\"more-link\">Continua a leggere <span class=\"screen-reader-text\">Gli impegni del Patto<\/span> <span class=\"meta-nav\">&raquo;<\/span><\/a><\/p>\n","protected":false},"author":10,"featured_media":0,"parent":0,"menu_order":0,"comment_status":"closed","ping_status":"closed","template":"","meta":{"ip_address":"","user_agent":"","level":"","revision":"","cookie_id":"","page_referer":"","html_form":"","footnotes":""},"acf":[],"yoast_head":"<!-- This site is optimized with the Yoast SEO plugin v21.8 - https:\/\/yoast.com\/wordpress\/plugins\/seo\/ -->\n<title>Gli impegni del Patto - Patto Educativo<\/title>\n<meta name=\"robots\" content=\"index, follow, max-snippet:-1, max-image-preview:large, max-video-preview:-1\" \/>\n<link rel=\"canonical\" href=\"https:\/\/www.diocesimessina.it\/pattoeducativo\/i-sette-impegni-del-patto\/\" \/>\n<meta property=\"og:locale\" content=\"it_IT\" \/>\n<meta property=\"og:type\" content=\"article\" \/>\n<meta property=\"og:title\" content=\"Gli impegni del Patto - Patto Educativo\" \/>\n<meta property=\"og:description\" content=\"Papa Francesco nel videomessaggio del 15 ottobre 2020 auspica una nuova stagione di impegno educativo che coinvolga tutte le componenti della societ\u00e0. Per questo invita le famiglie, le comunit\u00e0, le scuole, le universit\u00e0, le istituzioni, le religioni, i governanti, gli uomini e le donne della cultura, della scienza, dello sport, gli artisti, gli operatori dei media, l\u2019umanit\u00e0 intera a sottoscrivere un Patto Educativo impegnandosi personalmente &hellip; Continua a leggere Gli impegni del Patto &raquo;\" \/>\n<meta property=\"og:url\" content=\"https:\/\/www.diocesimessina.it\/pattoeducativo\/i-sette-impegni-del-patto\/\" \/>\n<meta property=\"og:site_name\" content=\"Patto Educativo\" \/>\n<meta property=\"article:modified_time\" content=\"2025-12-10T11:35:09+00:00\" \/>\n<meta name=\"twitter:card\" content=\"summary_large_image\" \/>\n<meta name=\"twitter:label1\" content=\"Tempo di lettura stimato\" \/>\n\t<meta name=\"twitter:data1\" content=\"2 minuti\" \/>\n<script type=\"application\/ld+json\" class=\"yoast-schema-graph\">{\"@context\":\"https:\/\/schema.org\",\"@graph\":[{\"@type\":\"WebPage\",\"@id\":\"https:\/\/www.diocesimessina.it\/pattoeducativo\/i-sette-impegni-del-patto\/\",\"url\":\"https:\/\/www.diocesimessina.it\/pattoeducativo\/i-sette-impegni-del-patto\/\",\"name\":\"Gli impegni del Patto - Patto Educativo\",\"isPartOf\":{\"@id\":\"https:\/\/www.diocesimessina.it\/pattoeducativo\/#website\"},\"datePublished\":\"2024-04-23T15:26:38+00:00\",\"dateModified\":\"2025-12-10T11:35:09+00:00\",\"breadcrumb\":{\"@id\":\"https:\/\/www.diocesimessina.it\/pattoeducativo\/i-sette-impegni-del-patto\/#breadcrumb\"},\"inLanguage\":\"it-IT\",\"potentialAction\":[{\"@type\":\"ReadAction\",\"target\":[\"https:\/\/www.diocesimessina.it\/pattoeducativo\/i-sette-impegni-del-patto\/\"]}]},{\"@type\":\"BreadcrumbList\",\"@id\":\"https:\/\/www.diocesimessina.it\/pattoeducativo\/i-sette-impegni-del-patto\/#breadcrumb\",\"itemListElement\":[{\"@type\":\"ListItem\",\"position\":1,\"name\":\"Home\",\"item\":\"https:\/\/www.diocesimessina.it\/pattoeducativo\/\"},{\"@type\":\"ListItem\",\"position\":2,\"name\":\"Gli impegni del Patto\"}]},{\"@type\":\"WebSite\",\"@id\":\"https:\/\/www.diocesimessina.it\/pattoeducativo\/#website\",\"url\":\"https:\/\/www.diocesimessina.it\/pattoeducativo\/\",\"name\":\"Patto Educativo\",\"description\":\"\",\"publisher\":{\"@id\":\"https:\/\/www.diocesimessina.it\/pattoeducativo\/#organization\"},\"potentialAction\":[{\"@type\":\"SearchAction\",\"target\":{\"@type\":\"EntryPoint\",\"urlTemplate\":\"https:\/\/www.diocesimessina.it\/pattoeducativo\/?s={search_term_string}\"},\"query-input\":\"required name=search_term_string\"}],\"inLanguage\":\"it-IT\"},{\"@type\":\"Organization\",\"@id\":\"https:\/\/www.diocesimessina.it\/pattoeducativo\/#organization\",\"name\":\"Patto Educativo\",\"url\":\"https:\/\/www.diocesimessina.it\/pattoeducativo\/\",\"logo\":{\"@type\":\"ImageObject\",\"inLanguage\":\"it-IT\",\"@id\":\"https:\/\/www.diocesimessina.it\/pattoeducativo\/#\/schema\/logo\/image\/\",\"url\":\"https:\/\/www.diocesimessina.it\/pattoeducativo\/wp-content\/uploads\/sites\/16\/2024\/04\/logo_new_patto_messina2.png\",\"contentUrl\":\"https:\/\/www.diocesimessina.it\/pattoeducativo\/wp-content\/uploads\/sites\/16\/2024\/04\/logo_new_patto_messina2.png\",\"width\":843,\"height\":533,\"caption\":\"Patto Educativo\"},\"image\":{\"@id\":\"https:\/\/www.diocesimessina.it\/pattoeducativo\/#\/schema\/logo\/image\/\"}}]}<\/script>\n<!-- \/ Yoast SEO plugin. -->","yoast_head_json":{"title":"Gli impegni del Patto - Patto Educativo","robots":{"index":"index","follow":"follow","max-snippet":"max-snippet:-1","max-image-preview":"max-image-preview:large","max-video-preview":"max-video-preview:-1"},"canonical":"https:\/\/www.diocesimessina.it\/pattoeducativo\/i-sette-impegni-del-patto\/","og_locale":"it_IT","og_type":"article","og_title":"Gli impegni del Patto - Patto Educativo","og_description":"Papa Francesco nel videomessaggio del 15 ottobre 2020 auspica una nuova stagione di impegno educativo che coinvolga tutte le componenti della societ\u00e0. Per questo invita le famiglie, le comunit\u00e0, le scuole, le universit\u00e0, le istituzioni, le religioni, i governanti, gli uomini e le donne della cultura, della scienza, dello sport, gli artisti, gli operatori dei media, l\u2019umanit\u00e0 intera a sottoscrivere un Patto Educativo impegnandosi personalmente &hellip; Continua a leggere Gli impegni del Patto &raquo;","og_url":"https:\/\/www.diocesimessina.it\/pattoeducativo\/i-sette-impegni-del-patto\/","og_site_name":"Patto Educativo","article_modified_time":"2025-12-10T11:35:09+00:00","twitter_card":"summary_large_image","twitter_misc":{"Tempo di lettura stimato":"2 minuti"},"schema":{"@context":"https:\/\/schema.org","@graph":[{"@type":"WebPage","@id":"https:\/\/www.diocesimessina.it\/pattoeducativo\/i-sette-impegni-del-patto\/","url":"https:\/\/www.diocesimessina.it\/pattoeducativo\/i-sette-impegni-del-patto\/","name":"Gli impegni del Patto - Patto Educativo","isPartOf":{"@id":"https:\/\/www.diocesimessina.it\/pattoeducativo\/#website"},"datePublished":"2024-04-23T15:26:38+00:00","dateModified":"2025-12-10T11:35:09+00:00","breadcrumb":{"@id":"https:\/\/www.diocesimessina.it\/pattoeducativo\/i-sette-impegni-del-patto\/#breadcrumb"},"inLanguage":"it-IT","potentialAction":[{"@type":"ReadAction","target":["https:\/\/www.diocesimessina.it\/pattoeducativo\/i-sette-impegni-del-patto\/"]}]},{"@type":"BreadcrumbList","@id":"https:\/\/www.diocesimessina.it\/pattoeducativo\/i-sette-impegni-del-patto\/#breadcrumb","itemListElement":[{"@type":"ListItem","position":1,"name":"Home","item":"https:\/\/www.diocesimessina.it\/pattoeducativo\/"},{"@type":"ListItem","position":2,"name":"Gli impegni del Patto"}]},{"@type":"WebSite","@id":"https:\/\/www.diocesimessina.it\/pattoeducativo\/#website","url":"https:\/\/www.diocesimessina.it\/pattoeducativo\/","name":"Patto Educativo","description":"","publisher":{"@id":"https:\/\/www.diocesimessina.it\/pattoeducativo\/#organization"},"potentialAction":[{"@type":"SearchAction","target":{"@type":"EntryPoint","urlTemplate":"https:\/\/www.diocesimessina.it\/pattoeducativo\/?s={search_term_string}"},"query-input":"required name=search_term_string"}],"inLanguage":"it-IT"},{"@type":"Organization","@id":"https:\/\/www.diocesimessina.it\/pattoeducativo\/#organization","name":"Patto Educativo","url":"https:\/\/www.diocesimessina.it\/pattoeducativo\/","logo":{"@type":"ImageObject","inLanguage":"it-IT","@id":"https:\/\/www.diocesimessina.it\/pattoeducativo\/#\/schema\/logo\/image\/","url":"https:\/\/www.diocesimessina.it\/pattoeducativo\/wp-content\/uploads\/sites\/16\/2024\/04\/logo_new_patto_messina2.png","contentUrl":"https:\/\/www.diocesimessina.it\/pattoeducativo\/wp-content\/uploads\/sites\/16\/2024\/04\/logo_new_patto_messina2.png","width":843,"height":533,"caption":"Patto Educativo"},"image":{"@id":"https:\/\/www.diocesimessina.it\/pattoeducativo\/#\/schema\/logo\/image\/"}}]}},"_links":{"self":[{"href":"https:\/\/www.diocesimessina.it\/pattoeducativo\/wp-json\/wp\/v2\/pages\/24"}],"collection":[{"href":"https:\/\/www.diocesimessina.it\/pattoeducativo\/wp-json\/wp\/v2\/pages"}],"about":[{"href":"https:\/\/www.diocesimessina.it\/pattoeducativo\/wp-json\/wp\/v2\/types\/page"}],"author":[{"embeddable":true,"href":"https:\/\/www.diocesimessina.it\/pattoeducativo\/wp-json\/wp\/v2\/users\/10"}],"replies":[{"embeddable":true,"href":"https:\/\/www.diocesimessina.it\/pattoeducativo\/wp-json\/wp\/v2\/comments?post=24"}],"version-history":[{"count":6,"href":"https:\/\/www.diocesimessina.it\/pattoeducativo\/wp-json\/wp\/v2\/pages\/24\/revisions"}],"predecessor-version":[{"id":476,"href":"https:\/\/www.diocesimessina.it\/pattoeducativo\/wp-json\/wp\/v2\/pages\/24\/revisions\/476"}],"wp:attachment":[{"href":"https:\/\/www.diocesimessina.it\/pattoeducativo\/wp-json\/wp\/v2\/media?parent=24"}],"curies":[{"name":"wp","href":"https:\/\/api.w.org\/{rel}","templated":true}]}}